*b + 58 = -0*f - 3*f, -4*f - 34 = -b. Let o(j) = -j**3 + 19*j**2 + 40*j + 31. Let z(p) = p**2 - p - 1. Let y(r) = o(r) + 6*z(r). Is y(b) prime?
True
Suppose -5*n = -2 + 7, 5*f + 3*n = 100052. Suppose -5*i = 5*t - 34855, -4*i + f + 7843 = -2*t. Let m = i - 3695. Is m prime?
True
Let z = 613 + -602. Let q(b) = 43*b**2 - 5*b - 19. Is q(z) prime?
False
Let i = 1179 - 2163. Let s = i - 193. Let w = s + 3100. Is w a prime number?
False
Suppose 0 = -647*o + 651*o - 3226388. Is o prime?
False
Let u be ((-7)/(-2))/((-17)/(-748)). Let z = -123 + u. Is z prime?
True
Suppose -19*j - 60 = -31*j. Suppose 3*n = 4*x - 5620, j*n = -4*x - 1654 + 7242. Is x a composite number?
True
Let x be (-1)/((-363)/180 - -2). Let q = 63 - x. Is -2 - (q*-134 - 1) a composite number?
False
Let a(m) = 31500*m - 7873. Is a(14) a prime number?
False
Let n = -5476 + 12491. Suppose x + 10*d = 6*d + 1379, -4*d - n = -5*x. Is x a composite number?
False
Let k be -4 + (2*899)/1. Let s = k + 1499. Suppose 4*i - s - 455 = 0. Is i composite?
False
Let f = 794502 + -335605. Is f prime?
True
Let r(k) be the second derivative of 1165*k**3/6 - 49*k**2 - 4*k - 3. Is r(17) a prime number?
False
Let l(o) = 7*o + 22*o**2 - o + 12*o**2 - 12*o - 29. Is l(13) a prime number?
True
Let c(j) = 1550*j**2 - 15. Let p be c(-6). Suppose -29*a = -24*a - p. Is a a prime number?
False
Let i be (-2)/3*-6 - (-4 + 5). Suppose -2*q - 3*g + 4*g = -2628, q + i*g = 1307. Is q a prime number?
False
Is -69 + 239086 - (-15*2)/5 composite?
False
Let s(v) = -v**2 - 14*v - 17. Let z be s(-11). Is (148 - (1 - 2))*z/16 composite?
False
Suppose -4*t = 5*a, 2 = 4*t + 22. Suppose -4*s + 9*y - 4*y = -13104, a*s = 2*y + 13092. Is s composite?
False
Let w(u) = -5*u + 78. Let l be w(15). Suppose l*t = 4*r + 975, -r + 1272 = 4*t + 3*r. Is t prime?
False
Let p(t) = -96*t + 37 - 141*t - 18 + 55 - 21. Is p(-40) composite?
False
Let c be 4 - 15*4645/(-15). Suppose 5*j - 30576 - c = 0. Is j a composite number?
True
Let f = 17177 - 9924. Is f prime?
True
Let v = 297 - 295. Suppose -66275 = -5*l - v*w, -9*l + 6*l - 5*w + 39784 = 0. Is l prime?
False
Let m(w) = -6*w + 3. Let q be m(-1). Suppose 5*g = q*g - 15116. Is g prime?
True
Suppose -2*s + i + 161271 = 0, 4*i = 3*s - 124582 - 117327. Is s prime?
False
Suppose -8*v + 76 - 212 = 0. Let z = -14 - v. Suppose -o - 1 = 0, 4*o = z*y - 4*y + 1005. Is y a prime number?
True
Let k = 1518 - 663. Let b = k - -1375. Suppose 2*v = -0*v + b. Is v prime?
False
Let n(h) be the third derivative of -1049*h**4/6 + 5*h**3/6 + 2*h**2 - 4. Is n(-1) prime?
True
Let n(r) = -428*r - 59*r - 218*r + 16 + 3 + 70*r. Is n(-24) a composite number?
False
Suppose -i - 4 = -3*i. Suppose i*v + 451 = v. Let c = v + 930. Is c prime?
True
Let c(j) = 196*j + 33. Let y = 82 - 77. Suppose 4*r = -y*l + 14 + 8, -2*l - 4 = 0. Is c(r) composite?
False
Suppose -d + 4*v + 218 = 1757, 3*d + 4647 = 2*v. Let b = 5344 + d. Is b a composite number?
False
Let p(o) = o**3 - 22*o**2 - 2*o + 48. Let r be p(22). Suppose 17461 = 5*v - 0*v + 2*i, r*v = -3*i + 13973. Is v a prime number?
True
Let v = 3862856 - 2731833. Is v a prime number?
True
Let p(n) = -4*n + 11. Let g be p(3). Let s be g*71*(-57)/(-19). Let x = -22 - s. Is x composite?
False
Suppose 3*g + 3*s - 1659 = 0, 0*g - 1110 = -2*g - s. Suppose -2*i + g = 39. Suppose -8*v - i = -2155. Is v composite?
True
Suppose -4*s = -5*s - 5*z + 205624, 5*s + 5*z = 1028220. Suppose -49914 = -11*o + s. Is o composite?
True
Suppose 0 = -r + 2*h + 934220, 4*r - 1083035 = h + 2653880. Is 1 + (-6)/5 + r/275 composite?
True
Let z = 18246 - 9596. Suppose z = 2*u + 4*y, -8644 = -2*u - 4*y + 3*y. Is u composite?
True
Suppose 9*h + 9*h - 12*h = 506634. Is h composite?
True
Let v(c) = 36*c - 103. Let g be v(3). Suppose -p - 45990 = -g*k, -k = 5*p - 3*p - 9187. Is k a prime number?
False
Is 553*((-399321)/(-6825) - 4/50) a prime number?
False
Suppose 12*o + 24 = 6*o. Is 12704/(-80)*10/o composite?
False
Let s be 36/(-162) - 220/(-18). Let m(f) = f**2 - 9*f - 20. Let a be m(s). Is ((-749)/2)/((-8)/a) a composite number?
True
Let p(t) = t - 9. Let m be p(12). Suppose 0 = 3*u - m, -3*x - 11*u + 2588 = -9*u. Is x a composite number?
True
Let y(g) = -g**2 - 10*g - 19. Let h be y(-7). Is 591 + h + -11 + 5 a prime number?
True
Suppose -p + 2*p + 2*z + 403 = 0, -z = -5. Let h = -256 - p. Is h a composite number?
False
Let m(o) = -o**3 + 17*o**2 - 12*o - 21. Let b be m(16). Suppose -2*i = -117 + b. Is i prime?
True
Let y(o) be the second derivative of -39*o + 0 - 24*o**3 + 35/2*o**2. Is y(-14) prime?
False
Let k(n) be the second derivative of -n**4/12 - 7*n**3/3 + 3*n**2/2 + 4*n. Let q be k(-14). Suppose q*h = -0*h + 1557. Is h composite?
True
Let r(y) be the second derivative of y**5/5 + y**4/6 - 7*y**3/6 - 2*y**2 - 9*y. Is r(5) composite?
True
Let a = 10199 - -47622. Suppose 6*q - 29689 = a. Is q a composite number?
True
Is ((-1023174)/(-180))/(3/30) a composite number?
False
Let s = -965713 - -1388154. Is s prime?
False
Suppose x - 3*a = 1452016, 0 = 1439*x - 1444*x + 2*a + 7260145. Is x a prime number?
False
Let w(b) = -149*b - 1323*b**2 + 8 + 6183*b**2 + 156*b. Is w(-1) a prime number?
True
Let s(i) be the second derivative of -1294*i**3/3 + 31*i**2/2 + 99*i. Is s(-2) a composite number?
True
Suppose -v = 4*y + 33193 - 142489, -54626 = -2*y + 5*v. Is y prime?
False
Suppose -15 = -4*g + g. Suppose -25757 = -g*r - 6042. Is r prime?
True
Suppose 0*u = 2*u - 3*m - 509, -4*u - 4*m = -1008. Suppose u*k = 261*k - 3560. Is k a prime number?
False
Let n be (-35439)/(4*(-7)/196). Is 2/12 - n/(-126) a composite number?
True
Suppose 88*j - 29833 = 132703. Is j a prime number?
True
Let m(q) = -487*q + 72. Let u be m(-23). Let s = -4240 + u. Is s prime?
False
Suppose 11*x = 27 - 5. Suppose -3*i = 0, i + 1802 = x*f - 2*i. Is f prime?
False
Suppose -896994 = -3*t - c, 4*t + 379429 = -c + 1575420. Is t composite?
True
Is 32/1008 + 2155480/63 a composite number?
True
Let o = 3458 - -4871. Is o prime?
True
Let t(h) = -23246*h - 187. Is t(-3) prime?
False
Let o be (4 + (0 - 2))*1. Suppose 3*v - 20 = -o*l, 6*l = -4*v + 3*l + 28. Is -5*103*v/(-4) composite?
True
Let z(h) = 16*h**3 - 151*h**2 - 28*h + 15. Is z(16) a prime number?
False
Let m(u) = -2*u + 25. Let l be m(11). Suppose v + l*o = 682, 3*v + 2*v = -4*o + 3421. Is v prime?
False
Suppose 2*x - 66772 = 2*k, -4*x + 2*k + 192103 - 58561 = 0. Suppose -77852 = -7*l + x. Is l prime?
False
Suppose 28267 + 18133 = -10*t. Let h = t + 8359. Is h prime?
True
Suppose 7*a = 109376 + 10923 + 58824. Is a a composite number?
False
Let w be 144/2 - (-2 - -1)*3. Is (-25962)/(-15)*w/30 a prime number?
True
Let b(r) = 4603*r - 1270. Is b(11) a composite number?
False
Let f(u) = 14*u - 153. Let j be f(12). Let b = -10 - -4. Is b/j - (-892)/5 prime?
False
Let t = 69 - 67. Suppose -2*p = -5*p - 2*d + 11841, t*p - 7894 = 2*d. Is p prime?
True
Suppose -20 = 6*r - 11*r. Let l(n) = 168*n**3 + 2*n**2 + 4*n. Let v be l(r). Suppose 2*h - a = 7193, -3*h + 5*a + v = -0*h. Is h prime?
False
Let g be (-357)/(-18) + 2/12. Suppose -5*u - 5 = -g. Suppose 0 = -8*h + u*h + 2785. Is h a prime number?
True
Suppose 0 = -4*j + 12*j - 3512. Let q = j + 176. Suppose -8*w + 2143 = q. Is w composite?
False
Let r(o) = o**2 - 2*o - 17. Let a be r(6). Suppose -a*c + 1498 = -133. Is c a composite number?
False
Let t = 5 + -44. Let m = t + 98. Suppose 58*f - m*f = -293. Is f composite?
False
Let c = 21 - 13. Let t = c - -10. Is t/45 + 1253/5 a prime number?
True
Suppose 10*w - 6*w - 44 = 0. Let y be (-18)/(-99) + (-2)/w. Suppose -n + 5*b + 275 = y, 2*n - 4*n + 5*b + 540 = 0. Is n a composite number?
True
Suppose -6424 = 25*j - 22*j - 4*s, -4*s + 2128 = -j. Let i = j - -3683. Is i prime?
False
Suppose 0 = 13587*t - 13593*t + 742866. Is t a composite number?
True
Suppose -3*z + 48551 + 16115 = 5*r, 0 = -5*z + 5*r + 107790. Is z a composite number?
False
Let z(h) be the second derivative of 1763*h**5/10 + h**4/12 + h**3/6 - h**2/2 + 42*h. Is z(1) a composite number?
False
Suppose 7515 = -5*d - 5075. Suppose 18988 = -18*f - 47054. Let m = d - f. Is m a composite number?
False
Let q = -642447 - -920118. Is q a composite number?
True
Let j = 51 - 44. Suppose -5*z - j + 27 = 0, -4*l + 5*z + 12664 = 0. Suppose 5*o - q - l = 0, 3